{"id":972,"date":"2024-03-13T02:50:20","date_gmt":"2024-03-13T08:50:20","guid":{"rendered":"https:\/\/diaespa.mx\/?post_type=product&#038;p=972"},"modified":"2024-03-13T02:50:20","modified_gmt":"2024-03-13T08:50:20","slug":"lipolisis-fria-criolipolisis-con-3-manipulos-papada-y-corporales","status":"publish","type":"product","link":"https:\/\/diaespa.mx\/index.php\/product\/lipolisis-fria-criolipolisis-con-3-manipulos-papada-y-corporales\/","title":{"rendered":"Lip\u00f3lisis Fr\u00eda Criolipolisis con 3 man\u00edpulos papada y corporales"},"content":{"rendered":"<p><strong>La\u00a0criolip\u00f3lisis<\/strong>\u00a0es una t\u00e9cnica de\u00a0<strong>eliminaci\u00f3n de grasa a trav\u00e9s del fr\u00edo.<\/strong> Su propio nombre lo indica: \u201ccrio\u201d significa fr\u00edo y \u201clip\u00f3lisis\u201d es c\u00f3mo se denomina a la destrucci\u00f3n de grasa. En esta nueva t\u00e9cnica utilizaremos tecnolog\u00eda de enfriamiento controlado para eliminar grasa blanda localizada.<\/p>\n<p>Un tratamiento para grasa blanda localizada.<\/p>\n<p>\u00bfC\u00f3mo elimina la grasa la criolip\u00f3lisis?<\/p>\n<p>La criolip\u00f3lisis hace uso de la congelaci\u00f3n para eliminar las c\u00e9lulas de grasa, los adipocitos.<\/p>\n<p>Los estudios m\u00e9dicos han demostrado que, cuando aplicamos bajas temperaturas sobre la grasa subcut\u00e1nea, los adipocitos se vuelven vulnerables y dejan de funcionar. Se produce una\u00a0muerte celular natural\u00a0y el organismo inicia un proceso de eliminaci\u00f3n de las c\u00e9lulas de grasa a trav\u00e9s del sistema linf\u00e1tico, sin causar da\u00f1os en la piel ni en otros tejidos.<\/p>\n<p>-Criolipolisis 3 man\u00edpulos.<br \/>\n&#8211; 2 corporal.<br \/>\n&#8211; 1 para Ment\u00f3n(papada).<\/p>\n","protected":false},"excerpt":{"rendered":"<p><strong>Especificaciones:<\/strong><\/p>\n<p>-1.Voltage 220V \/ 50Hz para Courntries Europea, Australia, Reino Unido.<br \/>\n-110V \/ 50Hz Voltaje de EE.UU., Canad\u00e1, Jap\u00f3n, etc.<br \/>\n-2.Power consumo: 500W.<br \/>\n-3.Cooling temperatura de salida del dispositivo: 5 ~ 10 \u00b0 C.<br \/>\n-4.Cooling salida del dispositivo: 0-5Kpa.<br \/>\n-5.Cooling l\u00edquido: agua pura.<br \/>\n-Tiempo de trabajo 6.Default: 0-60min.<br \/>\n-7.Fuse tama\u00f1o: F2AL250V.<\/p>\n","protected":false},"featured_media":951,"comment_status":"open","ping_status":"closed","template":"","meta":{"_joinchat":[]},"product_cat":[22],"product_tag":[],"aioseo_notices":[],"jetpack_sharing_enabled":true,"_links":{"self":[{"href":"https:\/\/diaespa.mx\/index.php\/wp-json\/wp\/v2\/product\/972"}],"collection":[{"href":"https:\/\/diaespa.mx\/index.php\/wp-json\/wp\/v2\/product"}],"about":[{"href":"https:\/\/diaespa.mx\/index.php\/wp-json\/wp\/v2\/types\/product"}],"replies":[{"embeddable":true,"href":"https:\/\/diaespa.mx\/index.php\/wp-json\/wp\/v2\/comments?post=972"}],"wp:featuredmedia":[{"embeddable":true,"href":"https:\/\/diaespa.mx\/index.php\/wp-json\/wp\/v2\/media\/951"}],"wp:attachment":[{"href":"https:\/\/diaespa.mx\/index.php\/wp-json\/wp\/v2\/media?parent=972"}],"wp:term":[{"taxonomy":"product_cat","embeddable":true,"href":"https:\/\/diaespa.mx\/index.php\/wp-json\/wp\/v2\/product_cat?post=972"},{"taxonomy":"product_tag","embeddable":true,"href":"https:\/\/diaespa.mx\/index.php\/wp-json\/wp\/v2\/product_tag?post=972"}],"curies":[{"name":"wp","href":"https:\/\/api.w.org\/{rel}","templated":true}]}}