{"id":962,"date":"2024-03-13T02:01:04","date_gmt":"2024-03-13T08:01:04","guid":{"rendered":"https:\/\/diaespa.mx\/?post_type=product&#038;p=962"},"modified":"2024-03-13T02:01:14","modified_gmt":"2024-03-13T08:01:14","slug":"cavitacion-5-en-1","status":"publish","type":"product","link":"https:\/\/diaespa.mx\/index.php\/product\/cavitacion-5-en-1\/","title":{"rendered":"Cavitaci\u00f3n 5 en 1"},"content":{"rendered":"<p><strong>Descripci\u00f3n:<\/strong><br \/>\nLa m\u00e1quina de cavitaci\u00f3n es un dispositivo que utiliza ondas de sonido de alta frecuencia para producir burbujas microsc\u00f3picas en el l\u00edquido que rodea las c\u00e9lulas grasas del cuerpo. Estas burbujas se expanden y contraen r\u00e1pidamente, lo que provoca la ruptura de las c\u00e9lulas grasas y la liberaci\u00f3n de su contenido en el cuerpo.<\/p>\n<p>A continuaci\u00f3n, se enumeran algunos de los posibles beneficios de usar una m\u00e1quina de cavitaci\u00f3n.<\/p>\n<p>La RF es una tecnolog\u00eda capaz de aplicar energ\u00eda electromagn\u00e9tica de manera selectiva a la dermis profunda desde la superficie de la piel y as\u00ed poder luchar contra la flacidez, la celulitis corporal y favorecer la eliminaci\u00f3n de la grasa cavitada.<\/p>\n<p>Puede ser bipolar o tripolar, en ambos casos se genera un campo el\u00e9ctrico que cambia de positivo a negativo, lo que causa un movimiento rotacional de las mol\u00e9culas org\u00e1nicas generando calor, con la RF bipolar genera calor profundo y con la RF tripolar calor superficial, que contrae las fibras de elastina y col\u00e1geno subd\u00e9rmicas y con ello tensan la piel. En ambos casos la elevaci\u00f3n t\u00e9rmica aumenta el flujo de sangre en la zona tratada, aportando m\u00e1s ox\u00edgeno, arrastrando l\u00edquidos excesivos, toxinas y en este caso tambi\u00e9n la grasa cavitada.<\/p>\n<p>-Foto rejuvenecimiento.<br \/>\n-Radiofrecuencia Facial.<br \/>\n-Reducci\u00f3n de la celulitis.<br \/>\n-P\u00e9rdida de peso.<br \/>\n-Mejora de la circulaci\u00f3n sangu\u00ednea.<br \/>\n-Reducci\u00f3n del dolor.<\/p>\n","protected":false},"excerpt":{"rendered":"<p><strong>Especificaciones:<\/strong><\/p>\n<p>-Maneral de Radiofrecuencia Tripolar RF X 1.<br \/>\n-Maneral de Cavitaci\u00f3n 40KHz X 1.<br \/>\n-Maneral de Radiofrecuencia Bipolar y Vac\u00edo x 1.<br \/>\n-Maneral de Radiofrecuencia bipolar facial X 2.<br \/>\n-Cable de alimentaci\u00f3n x 1.<br \/>\n-Poder conexi\u00f3n de entrada: 110V\/220V 60HZ\/50HZ.<br \/>\n-Potencia: 130W.<\/p>\n","protected":false},"featured_media":941,"comment_status":"open","ping_status":"closed","template":"","meta":{"_joinchat":[]},"product_cat":[22],"product_tag":[],"aioseo_notices":[],"jetpack_sharing_enabled":true,"_links":{"self":[{"href":"https:\/\/diaespa.mx\/index.php\/wp-json\/wp\/v2\/product\/962"}],"collection":[{"href":"https:\/\/diaespa.mx\/index.php\/wp-json\/wp\/v2\/product"}],"about":[{"href":"https:\/\/diaespa.mx\/index.php\/wp-json\/wp\/v2\/types\/product"}],"replies":[{"embeddable":true,"href":"https:\/\/diaespa.mx\/index.php\/wp-json\/wp\/v2\/comments?post=962"}],"wp:featuredmedia":[{"embeddable":true,"href":"https:\/\/diaespa.mx\/index.php\/wp-json\/wp\/v2\/media\/941"}],"wp:attachment":[{"href":"https:\/\/diaespa.mx\/index.php\/wp-json\/wp\/v2\/media?parent=962"}],"wp:term":[{"taxonomy":"product_cat","embeddable":true,"href":"https:\/\/diaespa.mx\/index.php\/wp-json\/wp\/v2\/product_cat?post=962"},{"taxonomy":"product_tag","embeddable":true,"href":"https:\/\/diaespa.mx\/index.php\/wp-json\/wp\/v2\/product_tag?post=962"}],"curies":[{"name":"wp","href":"https:\/\/api.w.org\/{rel}","templated":true}]}}