{"id":759,"date":"2024-02-23T05:44:33","date_gmt":"2024-02-23T05:44:33","guid":{"rendered":"https:\/\/diaespa.mx\/?post_type=product&#038;p=759"},"modified":"2024-02-23T05:45:19","modified_gmt":"2024-02-23T05:45:19","slug":"depilacion-ipl-opt-shr","status":"publish","type":"product","link":"https:\/\/diaespa.mx\/index.php\/product\/depilacion-ipl-opt-shr\/","title":{"rendered":"Depilaci\u00f3n IPL\/OPT\/SHR"},"content":{"rendered":"<p><strong>Descripci\u00f3n:<\/strong><br \/>\nLa aplicaci\u00f3n de energ\u00eda luminosa para eliminar el crecimiento del vello en una o varias zonas del cuerpo, inicio a utilizarse con principios.<\/p>\n<p>Sus principios activos radican en la exposici\u00f3n de haces de esta energ\u00eda a la melanina presente en el vello y los fol\u00edculos pilosos de la piel. Cuando esta energ\u00eda se transforma en calor y se aplica al vello, este se debilita y se desprende de la piel, lo que consigue que tenga menos fuerza cuando vuelva a salir.<\/p>\n<p>El acr\u00f3nimo IPL corresponde a los t\u00e9rminos en ingl\u00e9s \u00abIntense Pulsed Light\u00bb, que en castellano equivale a \u00abLuz Pulsada Intensa\u00bb<br \/>\nIPL: SHR.<\/p>\n<p>Otro acr\u00f3nimo muy utilizado en este \u00e1mbito es el de la fotodepilaci\u00f3n SHR (Super Hair Removal). Este sistema m\u00e1s novedoso se basa en un principio similar al del l\u00e1ser, ya que tambi\u00e9n consiste en aplicar haces de energ\u00eda luminosa al vello.<\/p>\n<p>Sin embargo, este tipo se basa en un calentamiento intermitente de la piel (como la IPL) a una temperatura menor y m\u00e1s c\u00f3moda que la que puede alcanzar el l\u00e1ser.<\/p>\n","protected":false},"excerpt":{"rendered":"<p><strong>Especificaciones:<\/strong><\/p>\n<p>-Este modelo cuenta con 5 FILTROS para mayor precisi\u00f3n en los tratamientos: 430, 480, 530, 580, 640<\/p>\n","protected":false},"featured_media":760,"comment_status":"open","ping_status":"closed","template":"","meta":{"_joinchat":[]},"product_cat":[30,22],"product_tag":[],"aioseo_notices":[],"jetpack_sharing_enabled":true,"_links":{"self":[{"href":"https:\/\/diaespa.mx\/index.php\/wp-json\/wp\/v2\/product\/759"}],"collection":[{"href":"https:\/\/diaespa.mx\/index.php\/wp-json\/wp\/v2\/product"}],"about":[{"href":"https:\/\/diaespa.mx\/index.php\/wp-json\/wp\/v2\/types\/product"}],"replies":[{"embeddable":true,"href":"https:\/\/diaespa.mx\/index.php\/wp-json\/wp\/v2\/comments?post=759"}],"wp:featuredmedia":[{"embeddable":true,"href":"https:\/\/diaespa.mx\/index.php\/wp-json\/wp\/v2\/media\/760"}],"wp:attachment":[{"href":"https:\/\/diaespa.mx\/index.php\/wp-json\/wp\/v2\/media?parent=759"}],"wp:term":[{"taxonomy":"product_cat","embeddable":true,"href":"https:\/\/diaespa.mx\/index.php\/wp-json\/wp\/v2\/product_cat?post=759"},{"taxonomy":"product_tag","embeddable":true,"href":"https:\/\/diaespa.mx\/index.php\/wp-json\/wp\/v2\/product_tag?post=759"}],"curies":[{"name":"wp","href":"https:\/\/api.w.org\/{rel}","templated":true}]}}