{"id":473,"date":"2024-02-13T03:07:09","date_gmt":"2024-02-13T03:07:09","guid":{"rendered":"https:\/\/diaespa.mx\/?post_type=product&#038;p=473"},"modified":"2024-02-23T07:01:03","modified_gmt":"2024-02-23T07:01:03","slug":"ultrasonido-portatil-1-mhz-infrarrojo-y-electroestimulacion","status":"publish","type":"product","link":"https:\/\/diaespa.mx\/index.php\/product\/ultrasonido-portatil-1-mhz-infrarrojo-y-electroestimulacion\/","title":{"rendered":"Ultrasonido Port\u00e1til 1 Mhz, Infrarrojo Y Electroestimulaci\u00f3n"},"content":{"rendered":"<p><strong>Descripci\u00f3n:<\/strong><\/p>\n<p>Ultrasonido de\u00a0 1MHZ para rehabilitaci\u00f3n y masaje corporal.<br \/>\nEl\u00a0Ultrasonido Terap\u00e9utico Port\u00e1til\u00a0es la herramienta #1 para el Fisio, logrando:<br \/>\nMejorar la cicatrizaci\u00f3n de las lesiones presentadas en los pacientes.<br \/>\nLa aceleraci\u00f3n de la curaci\u00f3n en el tratamiento ser\u00e1 m\u00e1s r\u00e1pida.<br \/>\nRepara con mejor calidad las lesiones presentadas.<br \/>\nLograras desaparecer o disminuir los dolores o molestias de los pacientes.<br \/>\nTendr\u00e1s la capacidad ofrecer terapia de ultrasonido a domicilio.<br \/>\nPodr\u00e1s incrementar el flujo sangu\u00edneo, mejorando el aumento del metabolismo.<br \/>\nMejora la regeneraci\u00f3n de\u00a0los tejidos periodontales lesionados.<\/p>\n","protected":false},"excerpt":{"rendered":"<p><strong>Caracter\u00edsticas:<\/strong><\/p>\n<p>-Programa en modo continuo.<br \/>\n-Tres programas de pulso.<br \/>\n-Cinco programas de intensidad.<br \/>\n-Cabeza de acero inoxidable.<br \/>\n-EMS + infrarrojo + ultrasonido.<br \/>\n-5 modos de EMS.<br \/>\n-Especificaciones.<br \/>\n-Material: ABS.<br \/>\n-Salida: 15 V 1A.<br \/>\n-Potencia: 16W.<br \/>\n-Frecuencia: 1MHz.<br \/>\n-Longitud de onda de luz roja: 620-630 nm.<\/p>\n","protected":false},"featured_media":456,"comment_status":"open","ping_status":"closed","template":"","meta":{"_joinchat":[]},"product_cat":[23,47],"product_tag":[],"aioseo_notices":[],"jetpack_sharing_enabled":true,"_links":{"self":[{"href":"https:\/\/diaespa.mx\/index.php\/wp-json\/wp\/v2\/product\/473"}],"collection":[{"href":"https:\/\/diaespa.mx\/index.php\/wp-json\/wp\/v2\/product"}],"about":[{"href":"https:\/\/diaespa.mx\/index.php\/wp-json\/wp\/v2\/types\/product"}],"replies":[{"embeddable":true,"href":"https:\/\/diaespa.mx\/index.php\/wp-json\/wp\/v2\/comments?post=473"}],"wp:featuredmedia":[{"embeddable":true,"href":"https:\/\/diaespa.mx\/index.php\/wp-json\/wp\/v2\/media\/456"}],"wp:attachment":[{"href":"https:\/\/diaespa.mx\/index.php\/wp-json\/wp\/v2\/media?parent=473"}],"wp:term":[{"taxonomy":"product_cat","embeddable":true,"href":"https:\/\/diaespa.mx\/index.php\/wp-json\/wp\/v2\/product_cat?post=473"},{"taxonomy":"product_tag","embeddable":true,"href":"https:\/\/diaespa.mx\/index.php\/wp-json\/wp\/v2\/product_tag?post=473"}],"curies":[{"name":"wp","href":"https:\/\/api.w.org\/{rel}","templated":true}]}}