{"id":415,"date":"2024-02-13T01:03:23","date_gmt":"2024-02-13T01:03:23","guid":{"rendered":"https:\/\/diaespa.mx\/?post_type=product&#038;p=415"},"modified":"2024-02-23T06:47:21","modified_gmt":"2024-02-23T06:47:21","slug":"masajeador-electromagnetico-de-cuello-y-espalda-tens","status":"publish","type":"product","link":"https:\/\/diaespa.mx\/index.php\/product\/masajeador-electromagnetico-de-cuello-y-espalda-tens\/","title":{"rendered":"Masajeador electromagnetico de cuello y espalda TENS."},"content":{"rendered":"<p>Perfecto para masajes en la zona v\u00e9rtebra cervical se basa en la teor\u00eda de la medicina tradicional China.<\/p>\n<p>Es un producto de alta tecnolog\u00eda que combina experiencias cl\u00ednicas largo plazo y la electr\u00f3nica moderna de la ciencia y la tecnolog\u00eda.<\/p>\n<p>Dise\u00f1o ergon\u00f3mico, con dos chapas de fijaci\u00f3n oval de acero inoxidable que aseguran un \u00e1rea de contacto grande y el efecto del masaje integral en el cuello.<\/p>\n<p>Efecto magn\u00e9tico, con masaje de impulso el\u00e9ctrico,. Ayuda a promover la circulaci\u00f3n de sangre local y relajar los m\u00fasculos locales.<\/p>\n<p><strong>Caracter\u00edsticas:<\/strong><\/p>\n<p>-6 m\u00e9todos de masaje diferentes.<br \/>\n-Tecnolog\u00eda inteligente 3D, puede ajustar f\u00e1cilmente el electrodo seg\u00fan la curva del cuello.<br \/>\n-Se puede utilizar en el cuello, la espalda, las piernas y la cintura, etc., para todo el cuerpo.<br \/>\n-Puede balancear el sistema nervioso, mejorar el suministro de ox\u00edgeno, la microcirculaci\u00f3n y la nutrici\u00f3n de las c\u00e9lulas de tejido.<br \/>\n-Para alivio del dolor, fisioterapia multifuncional magn\u00e9tica de pulso electromagn\u00e9tico.<br \/>\n-Masajeador Personal, peque\u00f1o y port\u00e1til, masaje en cualquier momento en cualquier lugar.<\/p>\n","protected":false},"excerpt":{"rendered":"<p><strong>Especificaci\u00f3n<\/strong><\/p>\n<p>-Fabricado de ABS y acero inoxidable<br \/>\n-Efecto magn\u00e9tico<br \/>\n-Dise\u00f1o ergon\u00f3mico, ligero y adaptable<br \/>\n-C\u00f3modo y f\u00e1cil de usar<br \/>\n-6 tipos de masaje<br \/>\n-16 niveles de intensidad<br \/>\n-2 electrodos para masaje en hombros o espalda<br \/>\n-Incluye 4 parches para el uso de los electrodos<br \/>\n-Funciona con pilas (2 x AAA, no incluidas)<br \/>\n-Frecuencia de pulso: 0-1000 Hz<br \/>\n-Ancho de pulso: 20-400 \u00b5s<br \/>\n-Potencia m\u00e1xima por pulso: \u2264300 mJ<br \/>\n-Intensidad del campo magn\u00e9tico: 0,01 T<br \/>\n-Medidas aprox.: 17 x 14 x 5 cm<br \/>\n-Packaging y manual en 24 idiomas<\/p>\n","protected":false},"featured_media":409,"comment_status":"open","ping_status":"closed","template":"","meta":{"_joinchat":[]},"product_cat":[40,23],"product_tag":[],"aioseo_notices":[],"jetpack_sharing_enabled":true,"_links":{"self":[{"href":"https:\/\/diaespa.mx\/index.php\/wp-json\/wp\/v2\/product\/415"}],"collection":[{"href":"https:\/\/diaespa.mx\/index.php\/wp-json\/wp\/v2\/product"}],"about":[{"href":"https:\/\/diaespa.mx\/index.php\/wp-json\/wp\/v2\/types\/product"}],"replies":[{"embeddable":true,"href":"https:\/\/diaespa.mx\/index.php\/wp-json\/wp\/v2\/comments?post=415"}],"wp:featuredmedia":[{"embeddable":true,"href":"https:\/\/diaespa.mx\/index.php\/wp-json\/wp\/v2\/media\/409"}],"wp:attachment":[{"href":"https:\/\/diaespa.mx\/index.php\/wp-json\/wp\/v2\/media?parent=415"}],"wp:term":[{"taxonomy":"product_cat","embeddable":true,"href":"https:\/\/diaespa.mx\/index.php\/wp-json\/wp\/v2\/product_cat?post=415"},{"taxonomy":"product_tag","embeddable":true,"href":"https:\/\/diaespa.mx\/index.php\/wp-json\/wp\/v2\/product_tag?post=415"}],"curies":[{"name":"wp","href":"https:\/\/api.w.org\/{rel}","templated":true}]}}