{"id":217,"date":"2024-01-21T20:34:21","date_gmt":"2024-01-21T20:34:21","guid":{"rendered":"https:\/\/diaespa.mx\/?post_type=product&#038;p=217"},"modified":"2024-02-23T06:52:45","modified_gmt":"2024-02-23T06:52:45","slug":"v5-sistema-de-ultrasonido-focalizado-con-radiofrecuencia","status":"publish","type":"product","link":"https:\/\/diaespa.mx\/index.php\/product\/v5-sistema-de-ultrasonido-focalizado-con-radiofrecuencia\/","title":{"rendered":"Equipo Combinado HIFU Y Radiofrecuencia Ultrashape  V5"},"content":{"rendered":"<p>Equipo para tratamiento corporal de \u00faltima tecnolog\u00eda id\u00f3neo para disminuir el contorno corporal. (Reducir pulgadas, quemar grasa localizada, eliminar celulitis, reafirmar y tonificar la piel.)<\/p>\n<p>V5 es un nuevo equipo que combina la tecnolog\u00eda de Hifu + tecnolog\u00eda radiofrecuencia. Todo esto ayuda notablemente adelgazar el cuerpo y reafirmar la piel.<\/p>\n<p>La combinaci\u00f3n genera el calentamiento de la zona a tratar promoviendo un aumento de los dep\u00f3sitos de col\u00e1geno y del metabolismo celular generando una reducci\u00f3n localizada del volumen y flacidez de la piel. Simult\u00e1neamente estimula la fibra el\u00e1stica de la piel.<\/p>\n<p>Las c\u00e9lulas grasas se descomponen y se excretan a trav\u00e9s del sistema linfa\u0301tico del cuerpo para obtener el efecto de moldeo corporal.<\/p>\n","protected":false},"excerpt":{"rendered":"<p><strong>Beneficios adicionales:<\/strong><\/p>\n<p>-Reduce el tama\u00f1o de las c\u00e9lulas de grasas.<br \/>\n-Mejora gradualmente la celulitis.<br \/>\n-Piel m\u00e1s firme y tonificada.<br \/>\n-Mejora circulaci\u00f3n sangu\u00ednea.<br \/>\n-Alivio de dolores musculares en zonas tratadas.<\/p>\n<p><strong>Funciones:<\/strong><\/p>\n<p>1. Adelgazamiento y modelado del cuerpo.<br \/>\n2. Reducci\u00f3n de grasa.<br \/>\n3. Estiramiento de la piel.<br \/>\n4. Aumentar la elasticidad de la piel.<\/p>\n<p><strong>Caracter\u00edsticas:<\/strong><\/p>\n<p>-Pantalla touch de 2.8 pulgadas.<br \/>\n-Mango Velashape V10 (cavitaci\u00f3n ultras\u00f3nica 2&#215;40 KHZ.<br \/>\n-Mango RF V5.<br \/>\n-Alimentaci\u00f3n el\u00e9ctrica: 36 Volts.<br \/>\n-Potencia 160w.<br \/>\n-RF 4 Hz.<br \/>\n-Hifu 4Hz.<\/p>\n","protected":false},"featured_media":520,"comment_status":"open","ping_status":"closed","template":"","meta":{"_joinchat":[]},"product_cat":[26,22],"product_tag":[],"aioseo_notices":[],"jetpack_sharing_enabled":true,"_links":{"self":[{"href":"https:\/\/diaespa.mx\/index.php\/wp-json\/wp\/v2\/product\/217"}],"collection":[{"href":"https:\/\/diaespa.mx\/index.php\/wp-json\/wp\/v2\/product"}],"about":[{"href":"https:\/\/diaespa.mx\/index.php\/wp-json\/wp\/v2\/types\/product"}],"replies":[{"embeddable":true,"href":"https:\/\/diaespa.mx\/index.php\/wp-json\/wp\/v2\/comments?post=217"}],"wp:featuredmedia":[{"embeddable":true,"href":"https:\/\/diaespa.mx\/index.php\/wp-json\/wp\/v2\/media\/520"}],"wp:attachment":[{"href":"https:\/\/diaespa.mx\/index.php\/wp-json\/wp\/v2\/media?parent=217"}],"wp:term":[{"taxonomy":"product_cat","embeddable":true,"href":"https:\/\/diaespa.mx\/index.php\/wp-json\/wp\/v2\/product_cat?post=217"},{"taxonomy":"product_tag","embeddable":true,"href":"https:\/\/diaespa.mx\/index.php\/wp-json\/wp\/v2\/product_tag?post=217"}],"curies":[{"name":"wp","href":"https:\/\/api.w.org\/{rel}","templated":true}]}}