{"id":200,"date":"2024-01-21T18:00:36","date_gmt":"2024-01-21T18:00:36","guid":{"rendered":"https:\/\/diaespa.mx\/?post_type=product&#038;p=200"},"modified":"2024-02-23T06:21:16","modified_gmt":"2024-02-23T06:21:16","slug":"maquina-de-masaje-vibratoria-g5-con-base","status":"publish","type":"product","link":"https:\/\/diaespa.mx\/index.php\/product\/maquina-de-masaje-vibratoria-g5-con-base\/","title":{"rendered":"Percutor Profesional G5 con base"},"content":{"rendered":"<p><strong>Descripci\u00f3n:<\/strong><\/p>\n<p>&#8220;Este modelo puede ser utilizado con una variedad de aplicadores y tiene un rango de velocidad de1600rpm-2400rpm.<\/p>\n<p>Esta combinaci\u00f3n de aplicadores y velocidades proporciona un rango de tratamiento altamente vers\u00e1til.<br \/>\nTodos los equipos de masajes percusi\u00f3n incorporan movimiento de percusi\u00f3n direccional sin la necesidad de un adaptador especial.&#8221;<\/p>\n<p>Masaje de vibraci\u00f3n suave.<br \/>\nControl electr\u00f3nico de velocidad.<br \/>\nRobusto soporte m\u00f3vil con ruedas.<br \/>\n5 cabezales incluidos.<\/p>\n<p><strong>Funciones del masajeador G5<\/strong><\/p>\n<p>1. Adelgazamiento y modelado del cuerpo.<br \/>\n2. Circulaci\u00f3n sangu\u00ednea.<br \/>\n3. Calma el sistema nervioso.<br \/>\n4. Regulaci\u00f3n endocrina.<br \/>\n5. Elimina la fatiga muscular.<\/p>\n","protected":false},"excerpt":{"rendered":"<p><strong>Caracter\u00edsticas:<\/strong><\/p>\n<p>-Cabezal de masaje redondo: Puede suavizar eficazmente la grasa dura y aliviar el dolor.<br \/>\n-Cabezal de masaje con esponja: Se utiliza principalmente en los puntos de acupuntura de todo el cuerpo.<br \/>\n-Cabezal de masaje en forma de arco: Utilizado principalmente en los puntos de acupuntura de todo el cuerpo<br \/>\n-Cabezal de masaje de puntos: Act\u00faa tanto en la epidermis como en los tejidos fibrosos profundos, disolviendo la grasa y alisando las arrugas.<br \/>\n-Cabezal de masaje de semiesfera: Impulsa los m\u00fasculos para completar el ejercicio pasivo, lo que puede eliminar la fatiga muscular Y hacer que la articulaci\u00f3n sea m\u00e1s flexible.<\/p>\n","protected":false},"featured_media":485,"comment_status":"open","ping_status":"closed","template":"","meta":{"_joinchat":[]},"product_cat":[40,23],"product_tag":[],"aioseo_notices":[],"jetpack_sharing_enabled":true,"_links":{"self":[{"href":"https:\/\/diaespa.mx\/index.php\/wp-json\/wp\/v2\/product\/200"}],"collection":[{"href":"https:\/\/diaespa.mx\/index.php\/wp-json\/wp\/v2\/product"}],"about":[{"href":"https:\/\/diaespa.mx\/index.php\/wp-json\/wp\/v2\/types\/product"}],"replies":[{"embeddable":true,"href":"https:\/\/diaespa.mx\/index.php\/wp-json\/wp\/v2\/comments?post=200"}],"wp:featuredmedia":[{"embeddable":true,"href":"https:\/\/diaespa.mx\/index.php\/wp-json\/wp\/v2\/media\/485"}],"wp:attachment":[{"href":"https:\/\/diaespa.mx\/index.php\/wp-json\/wp\/v2\/media?parent=200"}],"wp:term":[{"taxonomy":"product_cat","embeddable":true,"href":"https:\/\/diaespa.mx\/index.php\/wp-json\/wp\/v2\/product_cat?post=200"},{"taxonomy":"product_tag","embeddable":true,"href":"https:\/\/diaespa.mx\/index.php\/wp-json\/wp\/v2\/product_tag?post=200"}],"curies":[{"name":"wp","href":"https:\/\/api.w.org\/{rel}","templated":true}]}}